{"id":121,"date":"2021-07-13T22:18:37","date_gmt":"2021-07-14T01:18:37","guid":{"rendered":"http:\/\/belavista.net.br\/?page_id=121"},"modified":"2021-07-13T23:09:55","modified_gmt":"2021-07-14T02:09:55","slug":"politica-de-privacidade-2","status":"publish","type":"page","link":"https:\/\/belavista.net.br\/?page_id=121","title":{"rendered":"Pol\u00edtica de privacidade"},"content":{"rendered":"\n<h2 class=\"wp-block-heading\">Quem somos<\/h2>\n\n\n\n<p>O endere\u00e7o f\u00edsico de nossa sede \u00e9:<br>Rua Cel. Jo\u00e3o Camilo, 1031 &#8211; Centro<br>Bela Vista de Goias &#8211; GO<br>O nosso site \u00e9: http:\/\/belavista.net.br.<\/p>\n\n\n\n<h2 class=\"wp-block-heading\">Coment\u00e1rios<\/h2>\n\n\n\n<p>Quando os visitantes deixam coment\u00e1rios no site, coletamos os dados mostrados no formul\u00e1rio de coment\u00e1rios, al\u00e9m do endere\u00e7o de IP e de dados do navegador do visitante, para auxiliar na detec\u00e7\u00e3o de spam.<\/p>\n\n\n\n<p>Uma sequ\u00eancia anonimizada de caracteres criada a partir do seu e-mail (tamb\u00e9m chamada de hash) poder\u00e1 ser enviada para o Gravatar para verificar se voc\u00ea usa o servi\u00e7o. A pol\u00edtica de privacidade do Gravatar est\u00e1 dispon\u00edvel aqui: https:\/\/automattic.com\/privacy\/. Depois da aprova\u00e7\u00e3o do seu coment\u00e1rio, a foto do seu perfil fica vis\u00edvel publicamente junto de seu coment\u00e1rio.<\/p>\n\n\n\n<h2 class=\"wp-block-heading\">M\u00eddia<\/h2>\n\n\n\n<p><strong class=\"privacy-policy-tutorial\">Texto sugerido: <\/strong>Se voc\u00ea envia imagens para o site, evite enviar as que contenham dados de localiza\u00e7\u00e3o incorporados (EXIF GPS). Visitantes podem baixar estas imagens do site e extrair delas seus dados de localiza\u00e7\u00e3o.<\/p>\n\n\n\n<h2 class=\"wp-block-heading\">Cookies<\/h2>\n\n\n\n<p><strong class=\"privacy-policy-tutorial\"> <\/strong>Ao deixar um coment\u00e1rio no site, voc\u00ea poder\u00e1 optar por salvar seu nome, e-mail e site nos cookies. Isso visa seu conforto, assim voc\u00ea n\u00e3o precisar\u00e1 preencher seus  dados novamente quando fizer outro coment\u00e1rio. Estes cookies duram um ano.<\/p>\n\n\n\n<p>Se voc\u00ea tem uma conta e acessa este site, um cookie tempor\u00e1rio ser\u00e1 criado para determinar se seu navegador aceita cookies. Ele n\u00e3o cont\u00e9m nenhum dado pessoal e ser\u00e1 descartado quando voc\u00ea fechar seu navegador.<\/p>\n\n\n\n<p>Quando voc\u00ea acessa sua conta no site, tamb\u00e9m criamos v\u00e1rios cookies para salvar os dados da sua conta e suas escolhas de exibi\u00e7\u00e3o de tela. Cookies de login s\u00e3o mantidos por dois dias e cookies de op\u00e7\u00f5es de tela por um ano. Se voc\u00ea selecionar &#8220;Lembrar-me&#8221;, seu acesso ser\u00e1 mantido por duas semanas. Se voc\u00ea se desconectar da sua conta, os cookies de login ser\u00e3o removidos.<\/p>\n\n\n\n<p>Se voc\u00ea editar ou publicar um artigo, um cookie adicional ser\u00e1 salvo no seu navegador. Este cookie n\u00e3o inclui nenhum dado pessoal e simplesmente indica o ID do post referente ao artigo que voc\u00ea acabou de editar. Ele expira depois de 1 dia.<\/p>\n\n\n\n<p> COOKIES ANAL\u00cdTICOS<\/p>\n\n\n\n<p>Os cookies anal\u00edticos coletam informa\u00e7\u00f5es sobre a utiliza\u00e7\u00e3o dos SITES, permitindo-nos aperfei\u00e7oar o seu funcionamento. Os cookies anal\u00edticos, por exemplo, mostram-nos quais s\u00e3o as p\u00e1ginas mais visitadas nos SITES, ajudam-nos a registar quaisquer dificuldades que os usu\u00e1rios sintam na navega\u00e7\u00e3o nos SITES, e mostram-nos se a nossa publicidade \u00e9 eficaz ou n\u00e3o. Isso nos possibilita ver os padr\u00f5es globais de uso dos Sites de forma an\u00f4nima e agregada<\/p>\n\n\n\n<h2 class=\"wp-block-heading\">M\u00eddia incorporada de outros sites<\/h2>\n\n\n\n<p><strong class=\"privacy-policy-tutorial\"> <\/strong>Artigos neste site podem incluir conte\u00fado incorporado como, por exemplo, v\u00eddeos, imagens, artigos, etc. Conte\u00fados incorporados de outros sites se comportam exatamente da mesma forma como se o visitante estivesse visitando o outro site.<\/p>\n\n\n\n<p>Estes sites podem coletar dados sobre voc\u00ea, usar cookies, incorporar rastreamento adicional de terceiros e monitorar sua intera\u00e7\u00e3o com este conte\u00fado incorporado, incluindo sua intera\u00e7\u00e3o com o conte\u00fado incorporado se voc\u00ea tem uma conta e est\u00e1 conectado com o site.<\/p>\n\n\n\n<h2 class=\"wp-block-heading\">Com quem partilhamos seus dados<\/h2>\n\n\n\n<p><strong class=\"privacy-policy-tutorial\"> <\/strong>Se voc\u00ea solicitar uma redefini\u00e7\u00e3o de senha, seu endere\u00e7o de IP ser\u00e1 inclu\u00eddo no e-mail de redefini\u00e7\u00e3o de senha.<\/p>\n\n\n\n<h2 class=\"wp-block-heading\">Por quanto tempo mantemos os seus dados<\/h2>\n\n\n\n<p><strong class=\"privacy-policy-tutorial\"> <\/strong>Se voc\u00ea deixar um coment\u00e1rio, o coment\u00e1rio e os seus metadados s\u00e3o conservados indefinidamente. Fazemos isso para que seja poss\u00edvel reconhecer e aprovar automaticamente qualquer coment\u00e1rio posterior ao inv\u00e9s de ret\u00ea-lo para modera\u00e7\u00e3o.<\/p>\n\n\n\n<p>Para usu\u00e1rios que se registram no nosso site (se houver), tamb\u00e9m guardamos as informa\u00e7\u00f5es pessoais que fornecem no seu perfil de usu\u00e1rio. Todos os usu\u00e1rios podem ver, editar ou excluir suas informa\u00e7\u00f5es pessoais a qualquer momento (s\u00f3 n\u00e3o \u00e9 poss\u00edvel alterar o seu username). Os administradores de sites tamb\u00e9m podem ver e editar estas informa\u00e7\u00f5es.<\/p>\n\n\n\n<h2 class=\"wp-block-heading\">Quais os seus direitos sobre seus dados<\/h2>\n\n\n\n<p>Se voc\u00ea tiver uma conta neste site ou se tiver deixado coment\u00e1rios, pode solicitar um arquivo exportado dos dados pessoais que mantemos sobre voc\u00ea, inclusive quaisquer dados que nos tenha fornecido. Tamb\u00e9m pode solicitar que removamos qualquer dado pessoal que mantemos sobre voc\u00ea. Isto n\u00e3o inclui nenhuns dados que somos obrigados a manter para prop\u00f3sitos administrativos, legais ou de seguran\u00e7a.<\/p>\n\n\n\n<h2 class=\"wp-block-heading\">Para onde enviamos seus dados<\/h2>\n\n\n\n<p>Coment\u00e1rios de visitantes podem ser marcados por um servi\u00e7o autom\u00e1tico de detec\u00e7\u00e3o de spam.<\/p>\n\n\n\n<h2 class=\"wp-block-heading\">Lei Geral de Prote\u00e7\u00e3o de Dados &#8211; LGPD<\/h2>\n\n\n\n<p>Seguimos a LGPD<\/p>\n\n\n\n<p>Para saber mais acesse <a href=\"http:\/\/www.planalto.gov.br\/ccivil_03\/_ato2015-2018\/2018\/lei\/l13709.htm\" data-type=\"URL\" data-id=\"http:\/\/www.planalto.gov.br\/ccivil_03\/_ato2015-2018\/2018\/lei\/l13709.htm\">http:\/\/www.planalto.gov.br\/ccivil_03\/_ato2015-2018\/2018\/lei\/l13709.htm<\/a><\/p>\n","protected":false},"excerpt":{"rendered":"<p>Quem somos O endere\u00e7o f\u00edsico de nossa sede \u00e9:Rua Cel. Jo\u00e3o Camilo, 1031 &#8211; CentroBela Vista de Goias &#8211; GOO nosso site \u00e9: http:\/\/belavista.net.br. Coment\u00e1rios Quando os visitantes deixam coment\u00e1rios no site, coletamos os dados mostrados no formul\u00e1rio de coment\u00e1rios, al\u00e9m do endere\u00e7o de IP e de dados do navegador do visitante, para auxiliar na [&hellip;]<\/p>\n","protected":false},"author":1,"featured_media":0,"parent":0,"menu_order":0,"comment_status":"closed","ping_status":"closed","template":"","meta":{"footnotes":""},"class_list":["post-121","page","type-page","status-publish","hentry"],"yoast_head":"<!-- This site is optimized with the Yoast SEO plugin v27.4 - https:\/\/yoast.com\/product\/yoast-seo-wordpress\/ -->\n<title>Pol\u00edtica de privacidade - Bela Vista NET<\/title>\n<meta name=\"robots\" content=\"index, follow, max-snippet:-1, max-image-preview:large, max-video-preview:-1\" \/>\n<link rel=\"canonical\" href=\"https:\/\/belavista.net.br\/?page_id=121\" \/>\n<meta property=\"og:locale\" content=\"pt_BR\" \/>\n<meta property=\"og:type\" content=\"article\" \/>\n<meta property=\"og:title\" content=\"Pol\u00edtica de privacidade - Bela Vista NET\" \/>\n<meta property=\"og:description\" content=\"Quem somos O endere\u00e7o f\u00edsico de nossa sede \u00e9:Rua Cel. Jo\u00e3o Camilo, 1031 &#8211; CentroBela Vista de Goias &#8211; GOO nosso site \u00e9: http:\/\/belavista.net.br. Coment\u00e1rios Quando os visitantes deixam coment\u00e1rios no site, coletamos os dados mostrados no formul\u00e1rio de coment\u00e1rios, al\u00e9m do endere\u00e7o de IP e de dados do navegador do visitante, para auxiliar na [&hellip;]\" \/>\n<meta property=\"og:url\" content=\"https:\/\/belavista.net.br\/?page_id=121\" \/>\n<meta property=\"og:site_name\" content=\"Bela Vista NET\" \/>\n<meta property=\"article:modified_time\" content=\"2021-07-14T02:09:55+00:00\" \/>\n<meta name=\"twitter:card\" content=\"summary_large_image\" \/>\n<meta name=\"twitter:label1\" content=\"Est. tempo de leitura\" \/>\n\t<meta name=\"twitter:data1\" content=\"4 minutos\" \/>\n<script type=\"application\/ld+json\" class=\"yoast-schema-graph\">{\"@context\":\"https:\\\/\\\/schema.org\",\"@graph\":[{\"@type\":\"WebPage\",\"@id\":\"https:\\\/\\\/belavista.net.br\\\/?page_id=121\",\"url\":\"https:\\\/\\\/belavista.net.br\\\/?page_id=121\",\"name\":\"Pol\u00edtica de privacidade - Bela Vista NET\",\"isPartOf\":{\"@id\":\"https:\\\/\\\/belavista.net.br\\\/#website\"},\"datePublished\":\"2021-07-14T01:18:37+00:00\",\"dateModified\":\"2021-07-14T02:09:55+00:00\",\"breadcrumb\":{\"@id\":\"https:\\\/\\\/belavista.net.br\\\/?page_id=121#breadcrumb\"},\"inLanguage\":\"pt-BR\",\"potentialAction\":[{\"@type\":\"ReadAction\",\"target\":[\"https:\\\/\\\/belavista.net.br\\\/?page_id=121\"]}]},{\"@type\":\"BreadcrumbList\",\"@id\":\"https:\\\/\\\/belavista.net.br\\\/?page_id=121#breadcrumb\",\"itemListElement\":[{\"@type\":\"ListItem\",\"position\":1,\"name\":\"In\u00edcio\",\"item\":\"https:\\\/\\\/belavista.net.br\\\/\"},{\"@type\":\"ListItem\",\"position\":2,\"name\":\"Pol\u00edtica de privacidade\"}]},{\"@type\":\"WebSite\",\"@id\":\"https:\\\/\\\/belavista.net.br\\\/#website\",\"url\":\"https:\\\/\\\/belavista.net.br\\\/\",\"name\":\"Bela Vista Net\",\"description\":\"Sistemas de Gest\u00e3o para o Varejo\",\"publisher\":{\"@id\":\"https:\\\/\\\/belavista.net.br\\\/#organization\"},\"potentialAction\":[{\"@type\":\"SearchAction\",\"target\":{\"@type\":\"EntryPoint\",\"urlTemplate\":\"https:\\\/\\\/belavista.net.br\\\/?s={search_term_string}\"},\"query-input\":{\"@type\":\"PropertyValueSpecification\",\"valueRequired\":true,\"valueName\":\"search_term_string\"}}],\"inLanguage\":\"pt-BR\"},{\"@type\":\"Organization\",\"@id\":\"https:\\\/\\\/belavista.net.br\\\/#organization\",\"name\":\"Bela Vista Net\",\"url\":\"https:\\\/\\\/belavista.net.br\\\/\",\"logo\":{\"@type\":\"ImageObject\",\"inLanguage\":\"pt-BR\",\"@id\":\"https:\\\/\\\/belavista.net.br\\\/#\\\/schema\\\/logo\\\/image\\\/\",\"url\":\"https:\\\/\\\/belavista.net.br\\\/wp-content\\\/uploads\\\/2021\\\/10\\\/logo-horizontal-site.png\",\"contentUrl\":\"https:\\\/\\\/belavista.net.br\\\/wp-content\\\/uploads\\\/2021\\\/10\\\/logo-horizontal-site.png\",\"width\":1000,\"height\":180,\"caption\":\"Bela Vista Net\"},\"image\":{\"@id\":\"https:\\\/\\\/belavista.net.br\\\/#\\\/schema\\\/logo\\\/image\\\/\"}}]}<\/script>\n<!-- \/ Yoast SEO plugin. -->","yoast_head_json":{"title":"Pol\u00edtica de privacidade - Bela Vista NET","robots":{"index":"index","follow":"follow","max-snippet":"max-snippet:-1","max-image-preview":"max-image-preview:large","max-video-preview":"max-video-preview:-1"},"canonical":"https:\/\/belavista.net.br\/?page_id=121","og_locale":"pt_BR","og_type":"article","og_title":"Pol\u00edtica de privacidade - Bela Vista NET","og_description":"Quem somos O endere\u00e7o f\u00edsico de nossa sede \u00e9:Rua Cel. Jo\u00e3o Camilo, 1031 &#8211; CentroBela Vista de Goias &#8211; GOO nosso site \u00e9: http:\/\/belavista.net.br. Coment\u00e1rios Quando os visitantes deixam coment\u00e1rios no site, coletamos os dados mostrados no formul\u00e1rio de coment\u00e1rios, al\u00e9m do endere\u00e7o de IP e de dados do navegador do visitante, para auxiliar na [&hellip;]","og_url":"https:\/\/belavista.net.br\/?page_id=121","og_site_name":"Bela Vista NET","article_modified_time":"2021-07-14T02:09:55+00:00","twitter_card":"summary_large_image","twitter_misc":{"Est. tempo de leitura":"4 minutos"},"schema":{"@context":"https:\/\/schema.org","@graph":[{"@type":"WebPage","@id":"https:\/\/belavista.net.br\/?page_id=121","url":"https:\/\/belavista.net.br\/?page_id=121","name":"Pol\u00edtica de privacidade - Bela Vista NET","isPartOf":{"@id":"https:\/\/belavista.net.br\/#website"},"datePublished":"2021-07-14T01:18:37+00:00","dateModified":"2021-07-14T02:09:55+00:00","breadcrumb":{"@id":"https:\/\/belavista.net.br\/?page_id=121#breadcrumb"},"inLanguage":"pt-BR","potentialAction":[{"@type":"ReadAction","target":["https:\/\/belavista.net.br\/?page_id=121"]}]},{"@type":"BreadcrumbList","@id":"https:\/\/belavista.net.br\/?page_id=121#breadcrumb","itemListElement":[{"@type":"ListItem","position":1,"name":"In\u00edcio","item":"https:\/\/belavista.net.br\/"},{"@type":"ListItem","position":2,"name":"Pol\u00edtica de privacidade"}]},{"@type":"WebSite","@id":"https:\/\/belavista.net.br\/#website","url":"https:\/\/belavista.net.br\/","name":"Bela Vista Net","description":"Sistemas de Gest\u00e3o para o Varejo","publisher":{"@id":"https:\/\/belavista.net.br\/#organization"},"potentialAction":[{"@type":"SearchAction","target":{"@type":"EntryPoint","urlTemplate":"https:\/\/belavista.net.br\/?s={search_term_string}"},"query-input":{"@type":"PropertyValueSpecification","valueRequired":true,"valueName":"search_term_string"}}],"inLanguage":"pt-BR"},{"@type":"Organization","@id":"https:\/\/belavista.net.br\/#organization","name":"Bela Vista Net","url":"https:\/\/belavista.net.br\/","logo":{"@type":"ImageObject","inLanguage":"pt-BR","@id":"https:\/\/belavista.net.br\/#\/schema\/logo\/image\/","url":"https:\/\/belavista.net.br\/wp-content\/uploads\/2021\/10\/logo-horizontal-site.png","contentUrl":"https:\/\/belavista.net.br\/wp-content\/uploads\/2021\/10\/logo-horizontal-site.png","width":1000,"height":180,"caption":"Bela Vista Net"},"image":{"@id":"https:\/\/belavista.net.br\/#\/schema\/logo\/image\/"}}]}},"_links":{"self":[{"href":"https:\/\/belavista.net.br\/index.php?rest_route=\/wp\/v2\/pages\/121","targetHints":{"allow":["GET"]}}],"collection":[{"href":"https:\/\/belavista.net.br\/index.php?rest_route=\/wp\/v2\/pages"}],"about":[{"href":"https:\/\/belavista.net.br\/index.php?rest_route=\/wp\/v2\/types\/page"}],"author":[{"embeddable":true,"href":"https:\/\/belavista.net.br\/index.php?rest_route=\/wp\/v2\/users\/1"}],"replies":[{"embeddable":true,"href":"https:\/\/belavista.net.br\/index.php?rest_route=%2Fwp%2Fv2%2Fcomments&post=121"}],"version-history":[{"count":10,"href":"https:\/\/belavista.net.br\/index.php?rest_route=\/wp\/v2\/pages\/121\/revisions"}],"predecessor-version":[{"id":133,"href":"https:\/\/belavista.net.br\/index.php?rest_route=\/wp\/v2\/pages\/121\/revisions\/133"}],"wp:attachment":[{"href":"https:\/\/belavista.net.br\/index.php?rest_route=%2Fwp%2Fv2%2Fmedia&parent=121"}],"curies":[{"name":"wp","href":"https:\/\/api.w.org\/{rel}","templated":true}]}}